?
False
Is 1355285 a prime number?
False
Is 17531 a prime number?
False
Is 903745 composite?
True
Is 616729 a composite number?
False
Is 11257 a prime number?
True
Is 24841 a composite number?
False
Is 13901 a composite number?
False
Is 383569 a prime number?
False
Is 1859689 a prime number?
False
Is 2949 prime?
False
Is 12497 a composite number?
False
Is 430527 a composite number?
True
Is 194573 a composite number?
True
Is 6947 prime?
True
Is 63823 prime?
True
Is 272029 prime?
True
Is 31259 a composite number?
False
Is 5489 a composite number?
True
Is 218893 a prime number?
False
Is 6559 composite?
True
Is 11614 a composite number?
True
Is 45887 prime?
True
Is 21039 a prime number?
False
Is 9973 a composite number?
False
Is 28499 a composite number?
False
Is 85417 a prime number?
False
Is 37189 a composite number?
False
Is 49807 composite?
False
Is 53114 composite?
True
Is 2558581 composite?
False
Is 4783 composite?
False
Is 50287 composite?
False
Is 266281 a composite number?
False
Is 17539 composite?
False
Is 96167 a prime number?
True
Is 285071 composite?
False
Is 286157 a composite number?
True
Is 1551803 composite?
True
Is 9091 a prime number?
True
Is 23587 composite?
True
Is 1985 a prime number?
False
Is 117637 a prime number?
False
Is 83651 composite?
True
Is 231317 prime?
True
Is 3769193 composite?
False
Is 154243 composite?
False
Is 15819 a composite number?
True
Is 8713 prime?
True
Is 838177 a prime number?
False
Is 80113 a prime number?
False
Is 170951 composite?
True
Is 213887 prime?
True
Is 1337 a prime number?
False
Is 455093 composite?
False
Is 843331 composite?
False
Is 241117 a composite number?
False
Is 7859 composite?
True
Is 26551 composite?
True
Is 27941 prime?
True
Is 5747 composite?
True
Is 2554 composite?
True
Is 181403 prime?
False
Is 167381 composite?
False
Is 159163 a prime number?
False
Is 618833 composite?
False
Is 1096301 composite?
True
Is 47563 prime?
True
Is 2053927 composite?
False
Is 8149 composite?
True
Is 433369 prime?
True
Is 1769729 a prime number?
False
Is 30181 prime?
True
Is 6983 prime?
True
Is 2901 composite?
True
Is 43951 prime?
True
Is 105899 prime?
True
Is 52009 a prime number?
True
Is 227363 composite?
False
Is 430037 prime?
False
Is 10705 a prime number?
False
Is 6119 composite?
True
Is 1202 a composite number?
True
Is 1242035 composite?
True
Is 1069 composite?
False
Is 30341 composite?
False
Is 13523 prime?
True
Is 1541143 prime?
True
Is 7607 prime?
True
Is 368213 prime?
False
Is 2827327 a composite number?
False
Is 352519 a composite number?
True
Is 1477 a prime number?
False
Is 739253 composite?
False
Is 22597 composite?
True
Is 104207 a composite number?
False
Is 32479 composite?
False
Is 150827 composite?
False
Is 4413 a prime number?
False
Is 255313 prime?
True
Is 1597 a prime number?
True
Is 54907 prime?
True
Is 106487 composite?
False
Is 347707 prime?
True
Is 17519 prime?
True
Is 8509 a prime number?
False
Is 34981 composite?
False
Is 103319 a prime number?
True
Is 375897 a prime number?
False
Is 2245 prime?
False
Is 10301 a composite number?
False
Is 15401 a composite number?
False
Is 10487 prime?
True
Is 176991 prime?
False
Is 415 a prime number?
False
Is 2237 a composite number?
False
Is 16153 a prime number?
False
Is 41011 a prime number?
True
Is 9977 prime?
False
Is 30563 prime?
False
Is 35237 prime?
False
Is 8633 prime?
False
Is 1969 composite?
True
Is 20911 a composite number?
True
Is 80863 prime?
True
Is 2957107 a prime number?
True
Is 109261 a composite number?
True
Is 22391 a composite number?
False
Is 56237 a prime number?
True
Is 43867 prime?
True
Is 2106383 prime?
True
Is 3299 prime?
True
Is 270097 composite?
False
Is 120751 a prime number?
False
Is 50329 a composite number?
False
Is 434271 a prime number?
False
Is 10531 prime?
True
Is 122423 a composite number?
True
Is 1303586 prime?
False
Is 24803 prime?
False
Is 28003 a prime number?
False
Is 144107 prime?
False
Is 2633 a composite number?
False
Is 3891 prime?
False
Is 526189 composite?
False
Is 851527 composite?
True
Is 364189 a composite number?
True
Is 1688605 composite?
True
Is 59 composite?
False
Is 14281 a composite number?
False
Is 5189 composite?
False
Is 1009 composite?
False
Is 11269 composite?
True
Is 139039 composite?
True
Is 5435 a prime number?
False
Is 740651 a prime number?
True
Is 22367 a composite number?
False
Is 24527 composite?
False
Is 30887 composite?
True
Is 263455 composite?
True
Is 9773 a composite number?
True
Is 81509 prime?
True
Is 240223 a prime number?
False
Is 31867 a composite number?
True
Is 374053 composite?
True
Is 118787 composite?
False
Is 905161 a prime number?
True
Is 19277 a composite number?
True
Is 2053 prime?
True
Is 371329 composite?
True
Is 1109 composite?
False
Is 2503 composite?
False
Is 33647 composite?
False
Is 684443 composite?
False
Is 55745 a composite number?
True
Is 36467 a composite number?
False
Is 409 a composite number?
False
Is 430991 composite?
True
Is 533509 a composite number?
False
Is 529 prime?
False
Is 4034 a composite number?
True
Is 8077 a prime number?
False
Is 17943 prime?
False
Is 12821 composite?
False
Is 5793 composite?
True
Is 2333 prime?
True
Is 13231 prime?
False
Is 2847877 composite?
True
Is 51115 composite?
True
Is 12997 a composite number?
True
Is 37909 composite?
True
Is 149711 composite?
False
Is 172229 a prime number?
False
Is 461677 prime?
True
Is 1218974 a composite number?
True
Is 75127 a prime number?
False
Is 25439 a composite number?
False
Is 23929 a composite number?
False
Is 452947 composite?
True
Is 40423 prime?
True
Is 24329 a prime number?
True
Is 54217 a prime number?
True
Is 1048994 a composite number?
True
Is 905241 composite?
True
Is 354391 composite?
False
Is 527 prime?
False
Is 91527 a composite number?
True
Is 859339 composite?
True
Is 10757 a composite number?
True
Is 890737 composite?
False
Is 85889 a prime number?
True
Is 77629 a composite number?
True
Is 169709 a composite number?
False
Is 4573 prime?
False
Is 89515 prime?
False
Is 8509 prime?
False
Is 249958 composite?
True
Is 20411 a composite number?
False
Is 299539 a composite number?
False
Is 4049 a composite number?
False
Is 12517 a prime number?
True
Is 73049 a composite number?
True
Is 658703 a composite number?
False
Is 1402391 prime?
True
Is 5461 a prime number?
False
Is 432505 a composite number?
True
Is 7663 a composite number?
True
Is 56617 a composite number?
True
Is 26801 a prime number?
True
Is 72665 a prime number?
False
Is 10061 prime?
True
Is 1913215 prime?
False
Is 18947 a composite number?
False
Is 297301 composite?
True
Is 1207 a composite number?
True
Is 36263 composite?
False
Is 3989 a prime number?
True
Is 141179 a composite number?
False
Is 87209 prime?
False
Is 3944503 prime?
True
Is 28313 a composite number?
True
Is 10559 a prime number?
True
Is 2276167 a composite number?
False
Is 18301 a prime number?
True
Is 22207 a prime number?
False
Is 17246 composite?
True
Is 436427 prime?
True
Is 290897 a composite number?
False
Is 696181 a composite number?
False
Is 13355 composite?
True
Is 344843 prime?
True
Is 26627 prime?
True
Is 624961 composite?
False
Is 7115 composite?
True
Is 17539 a composite number?
False
Is 193937 prime?
True
Is 196769 a prime number?
True
Is 2898871 composite?
False
Is 18229 prime?
True
Is 380591 composite?
False
Is 71989 prime?
False
Is 673 a prime number?
True
Is 49303 a composite number?
True
Is 208657 a prime number?
True
Is 298817 composite?
False
Is 83318 a composite number?
True
Is 8072239 composite?
True
Is 7499 a composite number?
False
Is 48703 a prime number?
False
Is 1280585 prime?
False
Is 99557 composite?
True
Is 4835 composite?
True
Is 15815 prime?
False
Is 212039 composite?
False
Is 4373 composite?
False
Is 29893 a prime number?
False
Is 9865 composite?
True
Is 110707 a prime number?
False
Is 84953 a composite number?
True
Is 17527 a prime number?
False
Is 34871 composite?
False
Is 41222 a prime number?
False
Is 45007 prime?
True
Is 1534019 a composite number?
False
Is 4327 a prime number?
True
Is 189395 a composite number?
True
Is 123547 prime?
True
Is 1583869 composite?
True
Is 9133 composite?
False
Is 31835 a composite number?
True
Is 35591 a prime number?
True
Is 120383 composite?
False
Is 2079977 